{"id":266,"date":"2020-07-30T16:49:53","date_gmt":"2020-07-30T16:49:53","guid":{"rendered":"https:\/\/sad-hist.ch\/wordpress\/?page_id=266"},"modified":"2025-10-06T21:49:34","modified_gmt":"2025-10-06T21:49:34","slug":"testseite","status":"publish","type":"page","link":"https:\/\/sad-hist.ch\/?page_id=266","title":{"rendered":"Struktur"},"content":{"rendered":"\n<h2 class=\"wp-block-heading\" id=\"leitfragen\">Leitfragen<\/h2>\n\n\n\n<h2 class=\"wp-block-heading\">Zusammenfassung<\/h2>\n\n\n\n<p>Test fussnote<sup data-fn=\"7cc0999e-482f-410d-9f38-9118d6efeff0\" class=\"fn\"><a id=\"7cc0999e-482f-410d-9f38-9118d6efeff0-link\" href=\"#7cc0999e-482f-410d-9f38-9118d6efeff0\">1<\/a><\/sup><\/p>\n\n\n\n<h2 class=\"wp-block-heading\">Lernziele<\/h2>\n\n\n\n<h3 class=\"wp-block-heading\">Wissensziele<\/h3>\n\n\n\n<h3 class=\"wp-block-heading\">Erkenntnisziele<\/h3>\n\n\n\n<h2 class=\"wp-block-heading\">Einleitung<\/h2>\n\n\n\n<h4 class=\"wp-block-heading\"><strong>\ud83d\ude42 Aufgabe<\/strong>: Abenteurer, Fanatiker und Offiziere<\/h4>\n\n\n\n<div class=\"wp-block-columns has-background is-layout-flex wp-container-core-columns-is-layout-9d6595d7 wp-block-columns-is-layout-flex\" style=\"background-color:#f9f9f9\">\n<div class=\"wp-block-column is-layout-flow wp-block-column-is-layout-flow\" style=\"flex-basis:33.33%\">\n<ol id=\"block-f9e7c6ca-3178-40fc-8678-28773a005e62\" class=\"wp-block-list\">\n<li>Lesen Sie den Beitrag.<\/li>\n\n\n\n<li>Fassen Sie den Text zusammen.<\/li>\n\n\n\n<li>Beurteilen Sie die Aussagen.<\/li>\n<\/ol>\n<\/div>\n\n\n\n<div class=\"wp-block-column is-layout-flow wp-block-column-is-layout-flow\" style=\"flex-basis:66.66%\">\n<div data-wp-interactive=\"core\/file\" class=\"wp-block-file\"><object data-wp-bind--hidden=\"!state.hasPdfPreview\" hidden class=\"wp-block-file__embed\" data=\"https:\/\/sad-hist.ch\/wp-content\/uploads\/2020\/08\/Abenteurer-Fanatiker-und-Offiziere-_-Tages-Anzeiger.pdf\" type=\"application\/pdf\" style=\"width:100%;height:553px\" aria-label=\"Einbettung von Embed of Abenteurer-Fanatiker-und-Offiziere-_-Tages-Anzeiger..\"><\/object><a id=\"wp-block-file--media-fd99448f-c23c-4fcd-afea-6e2a1516a07e\" href=\"https:\/\/sad-hist.ch\/wp-content\/uploads\/2020\/08\/Abenteurer-Fanatiker-und-Offiziere-_-Tages-Anzeiger.pdf\" target=\"_blank\" rel=\"noreferrer noopener\">Abenteurer-Fanatiker-und-Offiziere-_-Tages-Anzeiger<\/a><a href=\"https:\/\/sad-hist.ch\/wp-content\/uploads\/2020\/08\/Abenteurer-Fanatiker-und-Offiziere-_-Tages-Anzeiger.pdf\" class=\"wp-block-file__button wp-element-button\" download aria-describedby=\"wp-block-file--media-fd99448f-c23c-4fcd-afea-6e2a1516a07e\">Download<\/a><\/div>\n<\/div>\n<\/div>\n\n\n\n<p><\/p>\n\n\n\n<h2 class=\"wp-block-heading\">Hauptteil<\/h2>\n\n\n\n<h2 class=\"wp-block-heading\">&#8230;<\/h2>\n\n\n\n<h2 class=\"wp-block-heading\">Begriffe<\/h2>\n\n\n\n<h2 class=\"wp-block-heading has-luminous-vivid-amber-color has-text-color has-link-color has-medium-font-size wp-elements-2e495bd01fe2a9780422f7c3f51ce8f5\">aktuelle Beitr\u00e4ge zum Thema<\/h2>\n\n\n<ul class=\"wp-block-latest-posts__list wp-block-latest-posts\"><li><a class=\"wp-block-latest-posts__post-title\" href=\"https:\/\/sad-hist.ch\/?p=2276\">Thuner Handfeste von 1264 in neuer Edition | Der Bund<\/a><div class=\"wp-block-latest-posts__post-excerpt\">Thuner Handfeste von 1264 in neuer EditionZur 750-Jahr-Feier des Stadtrechts liegt die sogenannte Thuner Handfeste von 1264 in einer neuen Edition vor. Source: Thuner Handfeste von 1264 in neuer Edition | Der Bund<\/div><\/li>\n<li><a class=\"wp-block-latest-posts__post-title\" href=\"https:\/\/sad-hist.ch\/?p=2227\">Schweiz verletzt Menschenrechte bei Klimafragen &#8211; Rendez-vous &#8211; SRF<\/a><div class=\"wp-block-latest-posts__post-excerpt\">Schweiz verletzt Menschenrechte bei KlimafragenDie Schweizer Klimaseniorinnen waren erfolgreich mit ihrer Klage vor dem Europ\u00e4ischen Gerichtshof f\u00fcr Menschenrechte in Strassburg. Laut dem Urteil des EGMR muss die Schweiz mehr machen f\u00fcr den Klimaschutz. Der Entscheid\u2026\u00a0<a class=\"wp-block-latest-posts__read-more\" href=\"https:\/\/sad-hist.ch\/?p=2227\" rel=\"noopener noreferrer\"><span class=\"screen-reader-text\">Schweiz verletzt Menschenrechte bei Klimafragen &#8211; Rendez-vous &#8211; SRF <\/span>weiterlesen<\/a><\/div><\/li>\n<li><a class=\"wp-block-latest-posts__post-title\" href=\"https:\/\/sad-hist.ch\/?p=2223\">Deutschland: Zahl der Straftaten stark gestiegen &#8211; Rendez-vous &#8211; SRF<\/a><div class=\"wp-block-latest-posts__post-excerpt\">Deutschland: Zahl der Straftaten stark gestiegenDie Kriminalit\u00e4t in Deutschland ist auf den h\u00f6chsten Stand seit 2016 gestiegen. Das zeigt die neue Kriminalit\u00e4tsstatistik f\u00fcr das Jahr 2023. Insbesondere bei den Gewalttaten hat es eine deutliche Zunahme\u2026\u00a0<a class=\"wp-block-latest-posts__read-more\" href=\"https:\/\/sad-hist.ch\/?p=2223\" rel=\"noopener noreferrer\"><span class=\"screen-reader-text\">Deutschland: Zahl der Straftaten stark gestiegen &#8211; Rendez-vous &#8211; SRF <\/span>weiterlesen<\/a><\/div><\/li>\n<li><div class=\"wp-block-latest-posts__featured-image\"><img loading=\"lazy\" decoding=\"async\" width=\"150\" height=\"150\" src=\"https:\/\/sad-hist.ch\/wp-content\/uploads\/2022\/08\/1280px-Bundesbrief2-150x150.jpg\" class=\"attachment-thumbnail size-thumbnail wp-post-image\" alt=\"\" style=\"max-width:38px;max-height:38px;\" srcset=\"https:\/\/sad-hist.ch\/wp-content\/uploads\/2022\/08\/1280px-Bundesbrief2-150x150.jpg 150w, https:\/\/sad-hist.ch\/wp-content\/uploads\/2022\/08\/1280px-Bundesbrief2-600x600.jpg 600w\" sizes=\"auto, (max-width: 150px) 100vw, 150px\" \/><\/div><a class=\"wp-block-latest-posts__post-title\" href=\"https:\/\/sad-hist.ch\/?p=2204\">Test-Aufgabe<\/a><div class=\"wp-block-latest-posts__post-excerpt\">Dies ist der Aufgaben-Text mit blauem Hintergrund Dies ist eine Test-Aufgaben-Seite (Post)Ich m\u00f6chte ein Bild einf\u00fcgen, welches auch zum Link des Beitrags auf einer anderen Seite (Thema) erscheint<\/div><\/li>\n<li><a class=\"wp-block-latest-posts__post-title\" href=\"https:\/\/sad-hist.ch\/?p=2164\">Bundeshaus und Bundesplatz &#8211; Bern Welcome<\/a><div class=\"wp-block-latest-posts__post-excerpt\">&nbsp; Bundeshaus und BundesplatzZUR\u00dcCKDas Bundeshaus in Bern ist Kernpunkt der Schweizer Demokratie: Unter seiner m\u00e4chtigen Kuppel tagt das Parlament, in den West- und Ostfl\u00fcgeln sind Teile der Landesregierung sowie der Bundesverwaltung untergebracht. Der grossz\u00fcgige Bundesplatz\u2026\u00a0<a class=\"wp-block-latest-posts__read-more\" href=\"https:\/\/sad-hist.ch\/?p=2164\" rel=\"noopener noreferrer\"><span class=\"screen-reader-text\">Bundeshaus und Bundesplatz &#8211; Bern Welcome <\/span>weiterlesen<\/a><\/div><\/li>\n<li><a class=\"wp-block-latest-posts__post-title\" href=\"https:\/\/sad-hist.ch\/?p=2135\">Chas n\u00fcm gh\u00f6re! | Kollektiv Vo da.<\/a><div class=\"wp-block-latest-posts__post-excerpt\">\u00a0 Source: Chas n\u00fcm gh\u00f6re! | Kollektiv Vo da.<\/div><\/li>\n<li><a class=\"wp-block-latest-posts__post-title\" href=\"https:\/\/sad-hist.ch\/?p=2126\">About Humanities<\/a><div class=\"wp-block-latest-posts__post-excerpt\">Was die Geisteswissenschaften leisten. In allen hoch entwickelten Volkswirtschaften schaffen die Wissenschaften gesellschaftlichen Nutzen und \u00f6konomischen Mehrwert. Oft f\u00fchrt ihre Arbeit nicht zu unmittelbar sichtbaren Produkten und entgeht deshalb dem oberfl\u00e4chlichen Blick. In einer technikgl\u00e4ubigen\u2026\u00a0<a class=\"wp-block-latest-posts__read-more\" href=\"https:\/\/sad-hist.ch\/?p=2126\" rel=\"noopener noreferrer\"><span class=\"screen-reader-text\">About Humanities <\/span>weiterlesen<\/a><\/div><\/li>\n<li><a class=\"wp-block-latest-posts__post-title\" href=\"https:\/\/sad-hist.ch\/?p=2059\">Zunft<\/a><div class=\"wp-block-latest-posts__post-excerpt\">Zunft Eine Zunft ist &#8230;<\/div><\/li>\n<li><a class=\"wp-block-latest-posts__post-title\" href=\"https:\/\/sad-hist.ch\/?p=1882\">Bern: Stadtberner Verfassung basiert auf Fake News &#8211; 20 Minuten<\/a><div class=\"wp-block-latest-posts__post-excerpt\">Stadtberner Verfassung basiert auf Fake NewsDie Goldene Handfeste gilt als die erste Verfassung der Stadt Bern. Nun feiert sie am 15 April ihren 800. Jahrestag. Doch beim Dokument handelt es sich um eine gewitze F\u00e4lschung.vonrc3\u2026\u00a0<a class=\"wp-block-latest-posts__read-more\" href=\"https:\/\/sad-hist.ch\/?p=1882\" rel=\"noopener noreferrer\"><span class=\"screen-reader-text\">Bern: Stadtberner Verfassung basiert auf Fake News &#8211; 20 Minuten <\/span>weiterlesen<\/a><\/div><\/li>\n<li><a class=\"wp-block-latest-posts__post-title\" href=\"https:\/\/sad-hist.ch\/?p=1880\">Thuner Handfeste von 1264 in neuer Edition | Der Bund<\/a><div class=\"wp-block-latest-posts__post-excerpt\">Thuner Handfeste von 1264 in neuer EditionZur 750-Jahr-Feier des Stadtrechts liegt die sogenannte Thuner Handfeste von 1264 in einer neuen Edition vor.Publiziert: 09.09.2014, 10:55Aktualisiert: 09.09.2014, 11:25 Source: Thuner Handfeste von 1264 in neuer Edition |\u2026\u00a0<a class=\"wp-block-latest-posts__read-more\" href=\"https:\/\/sad-hist.ch\/?p=1880\" rel=\"noopener noreferrer\"><span class=\"screen-reader-text\">Thuner Handfeste von 1264 in neuer Edition | Der Bund <\/span>weiterlesen<\/a><\/div><\/li>\n<li><a class=\"wp-block-latest-posts__post-title\" href=\"https:\/\/sad-hist.ch\/?p=1878\">\u00abHistorisch gesehen ist die Handfeste echt\u00bb | Der Bund<\/a><div class=\"wp-block-latest-posts__post-excerpt\">\u00abHistorisch gesehen ist die Handfeste echt\u00bbF\u00fcr den Historiker Rainer C. Schwinges gab der Erfolg den Bernern recht \u2013 die Privilegien und Freiheiten der Stadt seien von den K\u00f6nigen best\u00e4tigt worden.Simon W\u00e4ltiPubliziert: 17.01.2017, 19:25Aktualisiert: 18.01.2017, 06:38\u2026\u00a0<a class=\"wp-block-latest-posts__read-more\" href=\"https:\/\/sad-hist.ch\/?p=1878\" rel=\"noopener noreferrer\"><span class=\"screen-reader-text\">\u00abHistorisch gesehen ist die Handfeste echt\u00bb | Der Bund <\/span>weiterlesen<\/a><\/div><\/li>\n<li><a class=\"wp-block-latest-posts__post-title\" href=\"https:\/\/sad-hist.ch\/?p=1876\">Basiert Bern auf einem Schwindel? | Der Bund<\/a><div class=\"wp-block-latest-posts__post-excerpt\">Basiert Bern auf einem Schwindel?Untersuchungen der ETH Z\u00fcrich zeigen, dass die Handfeste &#8211; die erste Verfassung Berns &#8211; sp\u00e4ter als 1218 angefertigt wurde.Simon W\u00e4ltiPubliziert: 17.01.2017, 07:22Aktualisiert: 17.01.2017, 07:24 Source: Basiert Bern auf einem Schwindel? |\u2026\u00a0<a class=\"wp-block-latest-posts__read-more\" href=\"https:\/\/sad-hist.ch\/?p=1876\" rel=\"noopener noreferrer\"><span class=\"screen-reader-text\">Basiert Bern auf einem Schwindel? | Der Bund <\/span>weiterlesen<\/a><\/div><\/li>\n<\/ul>\n\n\n<hr class=\"wp-block-separator has-alpha-channel-opacity\"\/>\n\n\n<ol class=\"wp-elements-da7d2fdd9e2929c43bcdcbb894e39e05 wp-block-footnotes has-text-color has-black-color has-small-font-size\"><li id=\"7cc0999e-482f-410d-9f38-9118d6efeff0\">Das ist eine Fussnote!!!  fgsfdhggjghfdxgfg   &#8211; sdfgfhg <a href=\"#7cc0999e-482f-410d-9f38-9118d6efeff0-link\" aria-label=\"Zur Fussnotenreferenz 1 navigieren\">\u21a9\ufe0e<\/a><\/li><\/ol>\n\n\n<p><\/p>\n","protected":false},"excerpt":{"rendered":"<p>Leitfragen Zusammenfassung Test fussnote1 Lernziele Wissensziele Erkenntnisziele Einleitung \ud83d\ude42 Aufgabe: Abenteurer, Fanatiker und Offiziere Hauptteil &#8230; Begriffe aktuelle Beitr\u00e4ge zum Thema<\/p>\n","protected":false},"author":1,"featured_media":0,"parent":19,"menu_order":9,"comment_status":"closed","ping_status":"closed","template":"","meta":{"pgc_sgb_lightbox_settings":"","footnotes":"[{\"content\":\"Das ist eine Fussnote!!!  fgsfdhggjghfdxgfg   - sdfgfhg\",\"id\":\"7cc0999e-482f-410d-9f38-9118d6efeff0\"}]"},"class_list":["post-266","page","type-page","status-publish","hentry"],"yoast_head":"<!-- This site is optimized with the Yoast SEO plugin v27.4 - https:\/\/yoast.com\/product\/yoast-seo-wordpress\/ -->\n<title>Struktur - sad-hist.ch<\/title>\n<meta name=\"robots\" content=\"noindex, follow, max-snippet:-1, max-image-preview:large, max-video-preview:-1\" \/>\n<meta property=\"og:locale\" content=\"de_DE\" \/>\n<meta property=\"og:type\" content=\"article\" \/>\n<meta property=\"og:title\" content=\"Struktur - sad-hist.ch\" \/>\n<meta property=\"og:description\" content=\"Leitfragen Zusammenfassung Test fussnote1 Lernziele Wissensziele Erkenntnisziele Einleitung \ud83d\ude42 Aufgabe: Abenteurer, Fanatiker und Offiziere Hauptteil &#8230; Begriffe aktuelle Beitr\u00e4ge zum Thema\" \/>\n<meta property=\"og:url\" content=\"https:\/\/sad-hist.ch\/?page_id=266\" \/>\n<meta property=\"og:site_name\" content=\"sad-hist.ch\" \/>\n<meta property=\"article:modified_time\" content=\"2025-10-06T21:49:34+00:00\" \/>\n<meta name=\"twitter:card\" content=\"summary_large_image\" \/>\n<meta name=\"twitter:label1\" content=\"Gesch\u00e4tzte Lesezeit\" \/>\n\t<meta name=\"twitter:data1\" content=\"1\u00a0Minute\" \/>\n<script type=\"application\/ld+json\" class=\"yoast-schema-graph\">{\"@context\":\"https:\\\/\\\/schema.org\",\"@graph\":[{\"@type\":\"WebPage\",\"@id\":\"https:\\\/\\\/sad-hist.ch\\\/?page_id=266\",\"url\":\"https:\\\/\\\/sad-hist.ch\\\/?page_id=266\",\"name\":\"Struktur - sad-hist.ch\",\"isPartOf\":{\"@id\":\"https:\\\/\\\/sad-hist.ch\\\/#website\"},\"datePublished\":\"2020-07-30T16:49:53+00:00\",\"dateModified\":\"2025-10-06T21:49:34+00:00\",\"breadcrumb\":{\"@id\":\"https:\\\/\\\/sad-hist.ch\\\/?page_id=266#breadcrumb\"},\"inLanguage\":\"de-CH\",\"potentialAction\":[{\"@type\":\"ReadAction\",\"target\":[\"https:\\\/\\\/sad-hist.ch\\\/?page_id=266\"]}]},{\"@type\":\"BreadcrumbList\",\"@id\":\"https:\\\/\\\/sad-hist.ch\\\/?page_id=266#breadcrumb\",\"itemListElement\":[{\"@type\":\"ListItem\",\"position\":1,\"name\":\"Home\",\"item\":\"https:\\\/\\\/sad-hist.ch\\\/\"},{\"@type\":\"ListItem\",\"position\":2,\"name\":\"WILLKOMMEN!\",\"item\":\"https:\\\/\\\/sad-hist.ch\\\/\"},{\"@type\":\"ListItem\",\"position\":3,\"name\":\"Struktur\"}]},{\"@type\":\"WebSite\",\"@id\":\"https:\\\/\\\/sad-hist.ch\\\/#website\",\"url\":\"https:\\\/\\\/sad-hist.ch\\\/\",\"name\":\"sad-hist.ch\",\"description\":\"einfach Geschichte\",\"potentialAction\":[{\"@type\":\"SearchAction\",\"target\":{\"@type\":\"EntryPoint\",\"urlTemplate\":\"https:\\\/\\\/sad-hist.ch\\\/?s={search_term_string}\"},\"query-input\":{\"@type\":\"PropertyValueSpecification\",\"valueRequired\":true,\"valueName\":\"search_term_string\"}}],\"inLanguage\":\"de-CH\"}]}<\/script>\n<!-- \/ Yoast SEO plugin. -->","yoast_head_json":{"title":"Struktur - sad-hist.ch","robots":{"index":"noindex","follow":"follow","max-snippet":"max-snippet:-1","max-image-preview":"max-image-preview:large","max-video-preview":"max-video-preview:-1"},"og_locale":"de_DE","og_type":"article","og_title":"Struktur - sad-hist.ch","og_description":"Leitfragen Zusammenfassung Test fussnote1 Lernziele Wissensziele Erkenntnisziele Einleitung \ud83d\ude42 Aufgabe: Abenteurer, Fanatiker und Offiziere Hauptteil &#8230; Begriffe aktuelle Beitr\u00e4ge zum Thema","og_url":"https:\/\/sad-hist.ch\/?page_id=266","og_site_name":"sad-hist.ch","article_modified_time":"2025-10-06T21:49:34+00:00","twitter_card":"summary_large_image","twitter_misc":{"Gesch\u00e4tzte Lesezeit":"1\u00a0Minute"},"schema":{"@context":"https:\/\/schema.org","@graph":[{"@type":"WebPage","@id":"https:\/\/sad-hist.ch\/?page_id=266","url":"https:\/\/sad-hist.ch\/?page_id=266","name":"Struktur - sad-hist.ch","isPartOf":{"@id":"https:\/\/sad-hist.ch\/#website"},"datePublished":"2020-07-30T16:49:53+00:00","dateModified":"2025-10-06T21:49:34+00:00","breadcrumb":{"@id":"https:\/\/sad-hist.ch\/?page_id=266#breadcrumb"},"inLanguage":"de-CH","potentialAction":[{"@type":"ReadAction","target":["https:\/\/sad-hist.ch\/?page_id=266"]}]},{"@type":"BreadcrumbList","@id":"https:\/\/sad-hist.ch\/?page_id=266#breadcrumb","itemListElement":[{"@type":"ListItem","position":1,"name":"Home","item":"https:\/\/sad-hist.ch\/"},{"@type":"ListItem","position":2,"name":"WILLKOMMEN!","item":"https:\/\/sad-hist.ch\/"},{"@type":"ListItem","position":3,"name":"Struktur"}]},{"@type":"WebSite","@id":"https:\/\/sad-hist.ch\/#website","url":"https:\/\/sad-hist.ch\/","name":"sad-hist.ch","description":"einfach Geschichte","potentialAction":[{"@type":"SearchAction","target":{"@type":"EntryPoint","urlTemplate":"https:\/\/sad-hist.ch\/?s={search_term_string}"},"query-input":{"@type":"PropertyValueSpecification","valueRequired":true,"valueName":"search_term_string"}}],"inLanguage":"de-CH"}]}},"_links":{"self":[{"href":"https:\/\/sad-hist.ch\/index.php?rest_route=\/wp\/v2\/pages\/266","targetHints":{"allow":["GET"]}}],"collection":[{"href":"https:\/\/sad-hist.ch\/index.php?rest_route=\/wp\/v2\/pages"}],"about":[{"href":"https:\/\/sad-hist.ch\/index.php?rest_route=\/wp\/v2\/types\/page"}],"author":[{"embeddable":true,"href":"https:\/\/sad-hist.ch\/index.php?rest_route=\/wp\/v2\/users\/1"}],"replies":[{"embeddable":true,"href":"https:\/\/sad-hist.ch\/index.php?rest_route=%2Fwp%2Fv2%2Fcomments&post=266"}],"version-history":[{"count":230,"href":"https:\/\/sad-hist.ch\/index.php?rest_route=\/wp\/v2\/pages\/266\/revisions"}],"predecessor-version":[{"id":2355,"href":"https:\/\/sad-hist.ch\/index.php?rest_route=\/wp\/v2\/pages\/266\/revisions\/2355"}],"up":[{"embeddable":true,"href":"https:\/\/sad-hist.ch\/index.php?rest_route=\/wp\/v2\/pages\/19"}],"wp:attachment":[{"href":"https:\/\/sad-hist.ch\/index.php?rest_route=%2Fwp%2Fv2%2Fmedia&parent=266"}],"curies":[{"name":"wp","href":"https:\/\/api.w.org\/{rel}","templated":true}]}}